{"id":35,"date":"2024-01-17T20:24:03","date_gmt":"2024-01-17T19:24:03","guid":{"rendered":"https:\/\/jiujitsubresilienmulhouse68.fr\/?page_id=35"},"modified":"2026-01-13T10:03:50","modified_gmt":"2026-01-13T09:03:50","slug":"news-divers","status":"publish","type":"page","link":"https:\/\/jiujitsubresilienmulhouse68.fr\/index.php\/news-divers\/","title":{"rendered":"Partenaires &#8211; liens"},"content":{"rendered":"\n<h2 class=\"wp-block-heading has-black-color has-electric-grass-gradient-background has-text-color has-background has-link-color wp-elements-b074e2f3522ae347dba28db794c6a649\">Liens : <\/h2>\n\n\n\n<p>Site <strong>FINCA&nbsp;<\/strong><\/p>\n\n\n\n<p>&nbsp;(F\u00e9d\u00e9ration Internationale de Nunchaku \u2013 Combat Complet et Arts Martiaux Modernes et&nbsp; Affinitaires)&nbsp;&nbsp;<\/p>\n\n\n\n<p><a href=\"https:\/\/web.archive.org\/web\/20230530202943\/http:\/\/www.combat-complet.fr\/\" target=\"_blank\" rel=\"noreferrer noopener\">Cliquez ici<\/a><\/p>\n\n\n\n<p>Site <strong>Combat Pro&nbsp;&nbsp;<\/strong><\/p>\n\n\n\n<p>( site de vente de mat\u00e9riel d\u2019arts martiaux : nunchakus,&nbsp; kimonos, protections, DVD, v\u00eatements&nbsp; \u2026)&nbsp;<\/p>\n\n\n\n<p><a href=\"https:\/\/web.archive.org\/web\/20230530202943\/http:\/\/www.combat.pro\/\" target=\"_blank\" rel=\"noreferrer noopener\">Cliquez ici<\/a><\/p>\n\n\n\n<p><\/p>\n\n\n\n<p>Site <strong>Arts Martiaux Guebwiller \u2013 Kingersheim&nbsp;<\/strong><\/p>\n\n\n\n<p>(renseignements sur les disciplines, horaires, stages, comp\u00e9titions\u2026 des clubs d\u2019arts martiaux Guebwiller et Kingersheim )<\/p>\n\n\n\n<p><a href=\"https:\/\/web.archive.org\/web\/20230530202943\/http:\/\/arts-martiaux-guebwiller-kingersheim.com\/\" target=\"_blank\" rel=\"noreferrer noopener\">Cliquez ici<\/a><\/p>\n\n\n\n<p>Site <strong>Schmitz Fighting team Belfort&nbsp;<\/strong><\/p>\n\n\n\n<p>(club de jiu jitsu Br\u00e9silien, sambo, grappling combat complet)&nbsp;<\/p>\n\n\n\n<p><a href=\"https:\/\/web.archive.org\/web\/20230530202943\/https:\/\/jiujitsubresilienmulhouse68.fr\/index.php\/partenaires-liens\/\">Cliquez ici<\/a><\/p>\n\n\n\n<h2 class=\"wp-block-heading has-electric-grass-gradient-background has-background\">Sponsors &#8211; Partenaires :<\/h2>\n\n\n\n<figure class=\"wp-block-image size-full is-resized\"><img loading=\"lazy\" decoding=\"async\" width=\"1024\" height=\"422\" src=\"https:\/\/jiujitsubresilienmulhouse68.fr\/wp-content\/uploads\/2024\/01\/grand-est-logo.png\" alt=\"\" class=\"wp-image-125\" style=\"width:531px;height:auto\" srcset=\"https:\/\/jiujitsubresilienmulhouse68.fr\/wp-content\/uploads\/2024\/01\/grand-est-logo.png 1024w, https:\/\/jiujitsubresilienmulhouse68.fr\/wp-content\/uploads\/2024\/01\/grand-est-logo-300x124.png 300w, https:\/\/jiujitsubresilienmulhouse68.fr\/wp-content\/uploads\/2024\/01\/grand-est-logo-768x317.png 768w\" sizes=\"auto, (max-width: 1024px) 100vw, 1024px\" \/><\/figure>\n\n\n\n<p><\/p>\n\n\n\n<figure class=\"wp-block-image size-full is-resized\"><img loading=\"lazy\" decoding=\"async\" width=\"825\" height=\"186\" src=\"https:\/\/jiujitsubresilienmulhouse68.fr\/wp-content\/uploads\/2024\/01\/materiel-arts-martiaux-jjb-68.jpg\" alt=\"\" class=\"wp-image-146\" style=\"width:833px;height:auto\" srcset=\"https:\/\/jiujitsubresilienmulhouse68.fr\/wp-content\/uploads\/2024\/01\/materiel-arts-martiaux-jjb-68.jpg 825w, https:\/\/jiujitsubresilienmulhouse68.fr\/wp-content\/uploads\/2024\/01\/materiel-arts-martiaux-jjb-68-300x68.jpg 300w, https:\/\/jiujitsubresilienmulhouse68.fr\/wp-content\/uploads\/2024\/01\/materiel-arts-martiaux-jjb-68-768x173.jpg 768w\" sizes=\"auto, (max-width: 825px) 100vw, 825px\" \/><\/figure>\n\n\n\n<div class=\"wp-block-group\"><div class=\"wp-block-group__inner-container is-layout-constrained wp-block-group-is-layout-constrained\">\n<p class=\"has-vivid-red-color has-cyan-bluish-gray-background-color has-text-color has-background has-link-color wp-elements-879831bc3f20d89181cb328a304f2f95\"><strong><em>Magasin et site de vente de mat\u00e9riel de tous les arts martiaux : kimonos, protections, gants de boxe, tee shirt, short, nunchaku artistique, nunchaku combat et autres nunchakus, dvd \u2026.<\/em><\/strong><\/p>\n<\/div><\/div>\n\n\n\n<p><\/p>\n\n\n\n<p><\/p>\n\n\n\n<figure class=\"wp-block-image size-full is-resized\"><img loading=\"lazy\" decoding=\"async\" width=\"831\" height=\"719\" src=\"https:\/\/jiujitsubresilienmulhouse68.fr\/wp-content\/uploads\/2024\/01\/FINCA.jpg\" alt=\"\" class=\"wp-image-127\" style=\"width:530px;height:auto\" srcset=\"https:\/\/jiujitsubresilienmulhouse68.fr\/wp-content\/uploads\/2024\/01\/FINCA.jpg 831w, https:\/\/jiujitsubresilienmulhouse68.fr\/wp-content\/uploads\/2024\/01\/FINCA-300x260.jpg 300w, https:\/\/jiujitsubresilienmulhouse68.fr\/wp-content\/uploads\/2024\/01\/FINCA-768x664.jpg 768w\" sizes=\"auto, (max-width: 831px) 100vw, 831px\" \/><\/figure>\n\n\n\n<p><\/p>\n\n\n\n<p><\/p>\n\n\n\n<figure class=\"wp-block-image size-full is-resized\"><img loading=\"lazy\" decoding=\"async\" width=\"862\" height=\"615\" src=\"https:\/\/jiujitsubresilienmulhouse68.fr\/wp-content\/uploads\/2025\/12\/API.png\" alt=\"\" class=\"wp-image-567\" style=\"width:631px;height:auto\" srcset=\"https:\/\/jiujitsubresilienmulhouse68.fr\/wp-content\/uploads\/2025\/12\/API.png 862w, https:\/\/jiujitsubresilienmulhouse68.fr\/wp-content\/uploads\/2025\/12\/API-300x214.png 300w, https:\/\/jiujitsubresilienmulhouse68.fr\/wp-content\/uploads\/2025\/12\/API-768x548.png 768w\" sizes=\"auto, (max-width: 862px) 100vw, 862px\" \/><\/figure>\n\n\n\n<figure class=\"wp-block-image size-full is-resized\"><img loading=\"lazy\" decoding=\"async\" width=\"800\" height=\"474\" src=\"https:\/\/jiujitsubresilienmulhouse68.fr\/wp-content\/uploads\/2026\/01\/Romain.jpg\" alt=\"\" class=\"wp-image-580\" style=\"width:631px;height:auto\" srcset=\"https:\/\/jiujitsubresilienmulhouse68.fr\/wp-content\/uploads\/2026\/01\/Romain.jpg 800w, https:\/\/jiujitsubresilienmulhouse68.fr\/wp-content\/uploads\/2026\/01\/Romain-300x178.jpg 300w, https:\/\/jiujitsubresilienmulhouse68.fr\/wp-content\/uploads\/2026\/01\/Romain-768x455.jpg 768w\" sizes=\"auto, (max-width: 800px) 100vw, 800px\" \/><\/figure>\n\n\n\n<figure class=\"wp-block-image size-large is-resized\"><img loading=\"lazy\" decoding=\"async\" width=\"1024\" height=\"721\" src=\"https:\/\/jiujitsubresilienmulhouse68.fr\/wp-content\/uploads\/2026\/01\/Schellenberger-gourmet-2023-1024x721.jpg\" alt=\"\" class=\"wp-image-582\" style=\"aspect-ratio:1.420238367846996;width:623px;height:auto\" srcset=\"https:\/\/jiujitsubresilienmulhouse68.fr\/wp-content\/uploads\/2026\/01\/Schellenberger-gourmet-2023-1024x721.jpg 1024w, https:\/\/jiujitsubresilienmulhouse68.fr\/wp-content\/uploads\/2026\/01\/Schellenberger-gourmet-2023-300x211.jpg 300w, https:\/\/jiujitsubresilienmulhouse68.fr\/wp-content\/uploads\/2026\/01\/Schellenberger-gourmet-2023-768x541.jpg 768w, https:\/\/jiujitsubresilienmulhouse68.fr\/wp-content\/uploads\/2026\/01\/Schellenberger-gourmet-2023.jpg 1444w\" sizes=\"auto, (max-width: 1024px) 100vw, 1024px\" \/><\/figure>\n\n\n\n<figure class=\"wp-block-image size-full is-resized\"><img loading=\"lazy\" decoding=\"async\" width=\"784\" height=\"486\" src=\"https:\/\/jiujitsubresilienmulhouse68.fr\/wp-content\/uploads\/2025\/03\/SIMON-RENOVATION-LOGO-.jpg\" alt=\"\" class=\"wp-image-424\" style=\"width:681px;height:auto\" srcset=\"https:\/\/jiujitsubresilienmulhouse68.fr\/wp-content\/uploads\/2025\/03\/SIMON-RENOVATION-LOGO-.jpg 784w, https:\/\/jiujitsubresilienmulhouse68.fr\/wp-content\/uploads\/2025\/03\/SIMON-RENOVATION-LOGO--300x186.jpg 300w, https:\/\/jiujitsubresilienmulhouse68.fr\/wp-content\/uploads\/2025\/03\/SIMON-RENOVATION-LOGO--768x476.jpg 768w\" sizes=\"auto, (max-width: 784px) 100vw, 784px\" \/><\/figure>\n\n\n\n<p><\/p>\n\n\n\n<p><\/p>\n\n\n\n<figure class=\"wp-block-image size-full is-resized\"><img loading=\"lazy\" decoding=\"async\" width=\"1024\" height=\"287\" src=\"https:\/\/jiujitsubresilienmulhouse68.fr\/wp-content\/uploads\/2024\/01\/audi-prestige-sausheim.jpg\" alt=\"\" class=\"wp-image-130\" style=\"width:670px;height:auto\" srcset=\"https:\/\/jiujitsubresilienmulhouse68.fr\/wp-content\/uploads\/2024\/01\/audi-prestige-sausheim.jpg 1024w, https:\/\/jiujitsubresilienmulhouse68.fr\/wp-content\/uploads\/2024\/01\/audi-prestige-sausheim-300x84.jpg 300w, https:\/\/jiujitsubresilienmulhouse68.fr\/wp-content\/uploads\/2024\/01\/audi-prestige-sausheim-768x215.jpg 768w\" sizes=\"auto, (max-width: 1024px) 100vw, 1024px\" \/><\/figure>\n\n\n\n<figure class=\"wp-block-image size-full is-resized\"><img loading=\"lazy\" decoding=\"async\" width=\"1024\" height=\"371\" src=\"https:\/\/jiujitsubresilienmulhouse68.fr\/wp-content\/uploads\/2024\/01\/audi-mulhouse.jpg\" alt=\"\" class=\"wp-image-131\" style=\"width:678px;height:auto\" srcset=\"https:\/\/jiujitsubresilienmulhouse68.fr\/wp-content\/uploads\/2024\/01\/audi-mulhouse.jpg 1024w, https:\/\/jiujitsubresilienmulhouse68.fr\/wp-content\/uploads\/2024\/01\/audi-mulhouse-300x109.jpg 300w, https:\/\/jiujitsubresilienmulhouse68.fr\/wp-content\/uploads\/2024\/01\/audi-mulhouse-768x278.jpg 768w\" sizes=\"auto, (max-width: 1024px) 100vw, 1024px\" \/><\/figure>\n\n\n\n<figure class=\"wp-block-image size-full is-resized\"><img loading=\"lazy\" decoding=\"async\" width=\"723\" height=\"263\" src=\"https:\/\/jiujitsubresilienmulhouse68.fr\/wp-content\/uploads\/2024\/01\/Audi-coorodonees.jpg\" alt=\"\" class=\"wp-image-132\" style=\"width:682px;height:auto\" srcset=\"https:\/\/jiujitsubresilienmulhouse68.fr\/wp-content\/uploads\/2024\/01\/Audi-coorodonees.jpg 723w, https:\/\/jiujitsubresilienmulhouse68.fr\/wp-content\/uploads\/2024\/01\/Audi-coorodonees-300x109.jpg 300w\" sizes=\"auto, (max-width: 723px) 100vw, 723px\" \/><\/figure>\n\n\n\n<p><\/p>\n\n\n\n<p><\/p>\n\n\n\n<figure class=\"wp-block-image size-full is-resized\"><img loading=\"lazy\" decoding=\"async\" width=\"993\" height=\"356\" src=\"https:\/\/jiujitsubresilienmulhouse68.fr\/wp-content\/uploads\/2024\/01\/ccm-credit-mutuel-logo.jpg\" alt=\"\" class=\"wp-image-129\" style=\"width:656px;height:auto\" srcset=\"https:\/\/jiujitsubresilienmulhouse68.fr\/wp-content\/uploads\/2024\/01\/ccm-credit-mutuel-logo.jpg 993w, https:\/\/jiujitsubresilienmulhouse68.fr\/wp-content\/uploads\/2024\/01\/ccm-credit-mutuel-logo-300x108.jpg 300w, https:\/\/jiujitsubresilienmulhouse68.fr\/wp-content\/uploads\/2024\/01\/ccm-credit-mutuel-logo-768x275.jpg 768w\" sizes=\"auto, (max-width: 993px) 100vw, 993px\" \/><\/figure>\n\n\n\n<p><\/p>\n\n\n\n<p><\/p>\n\n\n\n<figure class=\"wp-block-image size-full is-resized\"><img loading=\"lazy\" decoding=\"async\" width=\"1575\" height=\"1575\" src=\"https:\/\/jiujitsubresilienmulhouse68.fr\/wp-content\/uploads\/2024\/03\/Auberge-du-Vallon-Guebwiller-1.jpg\" alt=\"\" class=\"wp-image-249\" style=\"width:573px;height:auto\" srcset=\"https:\/\/jiujitsubresilienmulhouse68.fr\/wp-content\/uploads\/2024\/03\/Auberge-du-Vallon-Guebwiller-1.jpg 1575w, https:\/\/jiujitsubresilienmulhouse68.fr\/wp-content\/uploads\/2024\/03\/Auberge-du-Vallon-Guebwiller-1-300x300.jpg 300w, https:\/\/jiujitsubresilienmulhouse68.fr\/wp-content\/uploads\/2024\/03\/Auberge-du-Vallon-Guebwiller-1-1024x1024.jpg 1024w, https:\/\/jiujitsubresilienmulhouse68.fr\/wp-content\/uploads\/2024\/03\/Auberge-du-Vallon-Guebwiller-1-150x150.jpg 150w, https:\/\/jiujitsubresilienmulhouse68.fr\/wp-content\/uploads\/2024\/03\/Auberge-du-Vallon-Guebwiller-1-768x768.jpg 768w, https:\/\/jiujitsubresilienmulhouse68.fr\/wp-content\/uploads\/2024\/03\/Auberge-du-Vallon-Guebwiller-1-1536x1536.jpg 1536w, https:\/\/jiujitsubresilienmulhouse68.fr\/wp-content\/uploads\/2024\/03\/Auberge-du-Vallon-Guebwiller-1-600x600.jpg 600w\" sizes=\"auto, (max-width: 1575px) 100vw, 1575px\" \/><\/figure>\n\n\n\n<p><\/p>\n\n\n\n<p><\/p>\n\n\n\n<p><\/p>\n\n\n\n<p style=\"font-size:9px\"><em>Pour en savoir plus sur les cours de jiu jitsu Br\u00e9silien sur&nbsp; Guebwiller, Belfort&nbsp; et sur la r\u00e9gion de Mulhouse ( club \u00e0 Kingersheim), RDV \u00e9galement dans la partie \u00ab&nbsp;Horaire&nbsp;\u00bb du site.<\/em><\/p>\n","protected":false},"excerpt":{"rendered":"<p>Liens : Site FINCA&nbsp; &nbsp;(F\u00e9d\u00e9ration Internationale de Nunchaku \u2013 Combat Complet et Arts Martiaux Modernes et&nbsp; Affinitaires)&nbsp;&nbsp; Cliquez ici Site Combat Pro&nbsp;&nbsp; ( site de vente de mat\u00e9riel d\u2019arts martiaux : nunchakus,&nbsp; kimonos, protections, DVD, v\u00eatements&nbsp; \u2026)&nbsp; Cliquez ici Site Arts Martiaux Guebwiller \u2013 Kingersheim&nbsp; (renseignements sur les disciplines, horaires, stages, comp\u00e9titions\u2026 des clubs d\u2019arts [&hellip;]<\/p>\n","protected":false},"author":1,"featured_media":0,"parent":0,"menu_order":0,"comment_status":"closed","ping_status":"closed","template":"","meta":{"ocean_post_layout":"","ocean_both_sidebars_style":"","ocean_both_sidebars_content_width":0,"ocean_both_sidebars_sidebars_width":0,"ocean_sidebar":"","ocean_second_sidebar":"","ocean_disable_margins":"enable","ocean_add_body_class":"","ocean_shortcode_before_top_bar":"","ocean_shortcode_after_top_bar":"","ocean_shortcode_before_header":"","ocean_shortcode_after_header":"","ocean_has_shortcode":"","ocean_shortcode_after_title":"","ocean_shortcode_before_footer_widgets":"","ocean_shortcode_after_footer_widgets":"","ocean_shortcode_before_footer_bottom":"","ocean_shortcode_after_footer_bottom":"","ocean_display_top_bar":"default","ocean_display_header":"default","ocean_header_style":"","ocean_center_header_left_menu":"","ocean_custom_header_template":"","ocean_custom_logo":0,"ocean_custom_retina_logo":0,"ocean_custom_logo_max_width":0,"ocean_custom_logo_tablet_max_width":0,"ocean_custom_logo_mobile_max_width":0,"ocean_custom_logo_max_height":0,"ocean_custom_logo_tablet_max_height":0,"ocean_custom_logo_mobile_max_height":0,"ocean_header_custom_menu":"","ocean_menu_typo_font_family":"","ocean_menu_typo_font_subset":"","ocean_menu_typo_font_size":0,"ocean_menu_typo_font_size_tablet":0,"ocean_menu_typo_font_size_mobile":0,"ocean_menu_typo_font_size_unit":"px","ocean_menu_typo_font_weight":"","ocean_menu_typo_font_weight_tablet":"","ocean_menu_typo_font_weight_mobile":"","ocean_menu_typo_transform":"","ocean_menu_typo_transform_tablet":"","ocean_menu_typo_transform_mobile":"","ocean_menu_typo_line_height":0,"ocean_menu_typo_line_height_tablet":0,"ocean_menu_typo_line_height_mobile":0,"ocean_menu_typo_line_height_unit":"","ocean_menu_typo_spacing":0,"ocean_menu_typo_spacing_tablet":0,"ocean_menu_typo_spacing_mobile":0,"ocean_menu_typo_spacing_unit":"","ocean_menu_link_color":"","ocean_menu_link_color_hover":"","ocean_menu_link_color_active":"","ocean_menu_link_background":"","ocean_menu_link_hover_background":"","ocean_menu_link_active_background":"","ocean_menu_social_links_bg":"","ocean_menu_social_hover_links_bg":"","ocean_menu_social_links_color":"","ocean_menu_social_hover_links_color":"","ocean_disable_title":"default","ocean_disable_heading":"default","ocean_post_title":"","ocean_post_subheading":"","ocean_post_title_style":"","ocean_post_title_background_color":"","ocean_post_title_background":0,"ocean_post_title_bg_image_position":"","ocean_post_title_bg_image_attachment":"","ocean_post_title_bg_image_repeat":"","ocean_post_title_bg_image_size":"","ocean_post_title_height":0,"ocean_post_title_bg_overlay":0.5,"ocean_post_title_bg_overlay_color":"","ocean_disable_breadcrumbs":"default","ocean_breadcrumbs_color":"","ocean_breadcrumbs_separator_color":"","ocean_breadcrumbs_links_color":"","ocean_breadcrumbs_links_hover_color":"","ocean_display_footer_widgets":"default","ocean_display_footer_bottom":"default","ocean_custom_footer_template":"","footnotes":""},"class_list":["post-35","page","type-page","status-publish","hentry","entry"],"_links":{"self":[{"href":"https:\/\/jiujitsubresilienmulhouse68.fr\/index.php\/wp-json\/wp\/v2\/pages\/35","targetHints":{"allow":["GET"]}}],"collection":[{"href":"https:\/\/jiujitsubresilienmulhouse68.fr\/index.php\/wp-json\/wp\/v2\/pages"}],"about":[{"href":"https:\/\/jiujitsubresilienmulhouse68.fr\/index.php\/wp-json\/wp\/v2\/types\/page"}],"author":[{"embeddable":true,"href":"https:\/\/jiujitsubresilienmulhouse68.fr\/index.php\/wp-json\/wp\/v2\/users\/1"}],"replies":[{"embeddable":true,"href":"https:\/\/jiujitsubresilienmulhouse68.fr\/index.php\/wp-json\/wp\/v2\/comments?post=35"}],"version-history":[{"count":23,"href":"https:\/\/jiujitsubresilienmulhouse68.fr\/index.php\/wp-json\/wp\/v2\/pages\/35\/revisions"}],"predecessor-version":[{"id":584,"href":"https:\/\/jiujitsubresilienmulhouse68.fr\/index.php\/wp-json\/wp\/v2\/pages\/35\/revisions\/584"}],"wp:attachment":[{"href":"https:\/\/jiujitsubresilienmulhouse68.fr\/index.php\/wp-json\/wp\/v2\/media?parent=35"}],"curies":[{"name":"wp","href":"https:\/\/api.w.org\/{rel}","templated":true}]}}